{"id":651,"date":"2022-09-07T16:28:27","date_gmt":"2022-09-07T14:28:27","guid":{"rendered":"https:\/\/rollerstgermaintuesg.fr\/?page_id=651"},"modified":"2022-09-07T16:39:59","modified_gmt":"2022-09-07T14:39:59","slug":"lhistoire-du-roller-a-st-germain-en-laye","status":"publish","type":"page","link":"https:\/\/rollerstgermaintuesg.fr\/?page_id=651","title":{"rendered":"L&#8217;histoire du roller \u00e0 St-Germain-en-Laye"},"content":{"rendered":"\n<p>Le club a commenc\u00e9 gr\u00e2ce \u00e0 la famille Pigeyre et gr\u00e2ce \u00e0 la famille Airaud. Les parents ont voulu faire d\u00e9couvrir \u00e0 leurs enfants le monde de la vitesse (course). Rapidement, ces derniers ont montr\u00e9 de grandes aptitudes pour cette discipline. Parall\u00e8lement, Josette Pigeyre, alors professeure d&#8217;EPS \u00e0 l&#8217;Ecole Normale, enseignait le roller aux futurs professeurs de primaire et maternelle. Alain Pigeyre a alors cherch\u00e9 un entraineur pour faire progresser les quelques enfants qu&#8217;il y avait au club.<\/p>\n\n\n\n<p>Olivier Babonneau (athl\u00e8te de haut niveau) a r\u00e9pondu \u00e0 l&#8217;appel et a pris les entrainements en main. Tr\u00e8s vite, le club s&#8217;est d\u00e9velopp\u00e9 et il a cr\u00e9\u00e9 plusieurs groupes (l&#8217;\u00e9cole de patinage, le groupe course et le groupe adultes).<\/p>\n\n\n\n<p>Petit \u00e0 petit, Olivier a form\u00e9 des entraineurs qui ont obtenu leurs dipl\u00f4mes f\u00e9d\u00e9raux, et le club est pass\u00e9 dans une autre  dimension. A cette \u00e9poque-l\u00e0, il y avait un \u00e9norme engouement pour le roller et le nombre de licenci\u00e9s a grimp\u00e9 en fl\u00e8che, en d\u00e9passant la centaine. Le club se d\u00e9pla\u00e7ait sur toutes les comp\u00e9titions r\u00e9gionales et commen\u00e7ait \u00e0 d\u00e9couvrir les comp\u00e9titions nationales.<\/p>\n\n\n\n<p>Parall\u00e8lement, le groupe adultes s&#8217;\u00e9tait  fortement \u00e9toff\u00e9 et il fallait trouver des activit\u00e9s ludiques pour tous. Ce groupe a alors fait du handball, du basketball, de la ringuette, un peu de hockey et tout cela, en quads.<\/p>\n\n\n\n<p>Gentiment, ce groupe a fini par ne faire que du hockey, et c&#8217;est comme cela que la section Hockey s&#8217;est cr\u00e9\u00e9e.<\/p>\n\n\n\n<p>Dans les ann\u00e9es 90, le monde du patinage sur roulettes s&#8217;est \u00e9croul\u00e9 et c&#8217;est  le roller en ligne (Rollerblade) qui lui a succ\u00e9d\u00e9. Tous les patineurs de vitesse s&#8217;y sont mis et le club a eu un nouvel \u00e9lan. Il a pass\u00e9 la barre des 150 adh\u00e9rents.<\/p>\n\n\n\n<p>Le club a d\u00fb se professionnaliser et former de plus en plus d&#8217;entraineurs.<\/p>\n\n\n\n<p>Le groupe vitesse, au fil du temps, a obtenu des r\u00e9sultats remarquables avec des titres de champions de France, de champions d&#8217;Europe et m\u00eame des m\u00e9dailles en championnats du monde ou aux Jeux mondiaux.<\/p>\n\n\n\n<p>Finalement, le club a d\u00e9cid\u00e9 de se lancer dans les comp\u00e9titons de hockey, alors qu&#8217;il \u00e9tait toujours rest\u00e9 au niveau loisirs. D\u00e9sormais, il y a une \u00e9quipe r\u00e9gionale, une \u00e9quipe loisirs et une \u00e9quipe ados.<\/p>\n\n\n\n<p>De plus, sous l&#8217;\u00e9gide de Laurent Deleuze (directeur de Maternelle), le club a ouvert ses portes aux plus jeunes, puisque il y a maintenant deux groupes de tout-petits : les Babyrolls (3-4 ans) et les Minirolls (4-5 ans).<\/p>\n\n\n\n<p>A l&#8217;heure actuelle, le club compte environ 200 adh\u00e9rents, une quinzaine d&#8217;entraineurs et 10 cours diff\u00e9rents :<\/p>\n\n\n\n<ul><li>Babyrolls et Minirolls<\/li><li>Ecole de patinage<\/li><li>Ecole de course<\/li><li>Course<\/li><li>Hockey loisir<\/li><li>Hockey comp\u00e9tition<\/li><li>Hockey ados,<\/li><li>Groupe adultes<\/li><li>Roller en famille<\/li><\/ul>\n\n\n\n<p>Depuis des ann\u00e9es, le club repose sur ses instances dirigeantes et notamment sur sa tr\u00e9sori\u00e8re, Marie-Eve Lozier, sur sa secr\u00e9taire, Clarisse Laporte-Colinet et sur son nouveau Pr\u00e9sident Antoine Fromont, sans qui le club n&#8217;existerait pas.<\/p>\n\n\n\n<p>Le club remercie tous les entraineurs :<\/p>\n\n\n\n<p>Clarisse, Marie, Nathalie, Anne, Laurent, Antoine, Christophe, Christian, Charles, Jef et Olivier<\/p>\n\n\n\n<p>Pour terminer, le club pense bien fort \u00e0 Alain Pigeyre qui nous a quitt\u00e9 il y a quelques ann\u00e9es. Sans lui, le club ne serait pas ce qu&#8217;il est. C&#8217;\u00e9tait un passionn\u00e9 ! Merci Alain !<\/p>\n","protected":false},"excerpt":{"rendered":"<p>Le club a commenc\u00e9 gr\u00e2ce \u00e0 la famille Pigeyre et gr\u00e2ce \u00e0 la famille Airaud. Les parents ont voulu faire d\u00e9couvrir \u00e0 leurs enfants le &hellip; <\/p>\n","protected":false},"author":3,"featured_media":0,"parent":0,"menu_order":0,"comment_status":"closed","ping_status":"closed","template":"","meta":[],"_links":{"self":[{"href":"https:\/\/rollerstgermaintuesg.fr\/index.php?rest_route=\/wp\/v2\/pages\/651"}],"collection":[{"href":"https:\/\/rollerstgermaintuesg.fr\/index.php?rest_route=\/wp\/v2\/pages"}],"about":[{"href":"https:\/\/rollerstgermaintuesg.fr\/index.php?rest_route=\/wp\/v2\/types\/page"}],"author":[{"embeddable":true,"href":"https:\/\/rollerstgermaintuesg.fr\/index.php?rest_route=\/wp\/v2\/users\/3"}],"replies":[{"embeddable":true,"href":"https:\/\/rollerstgermaintuesg.fr\/index.php?rest_route=%2Fwp%2Fv2%2Fcomments&post=651"}],"version-history":[{"count":3,"href":"https:\/\/rollerstgermaintuesg.fr\/index.php?rest_route=\/wp\/v2\/pages\/651\/revisions"}],"predecessor-version":[{"id":656,"href":"https:\/\/rollerstgermaintuesg.fr\/index.php?rest_route=\/wp\/v2\/pages\/651\/revisions\/656"}],"wp:attachment":[{"href":"https:\/\/rollerstgermaintuesg.fr\/index.php?rest_route=%2Fwp%2Fv2%2Fmedia&parent=651"}],"curies":[{"name":"wp","href":"https:\/\/api.w.org\/{rel}","templated":true}]}}