{"id":667,"date":"2022-10-10T09:25:55","date_gmt":"2022-10-10T07:25:55","guid":{"rendered":"https:\/\/rollerstgermaintuesg.fr\/?product=1-paire-de-roller-chaussonchassisroues-luigino-et-powerslide"},"modified":"2022-10-10T09:25:55","modified_gmt":"2022-10-10T07:25:55","slug":"1-paire-de-roller-chaussonchassisroues-luigino-et-powerslide","status":"publish","type":"product","link":"https:\/\/rollerstgermaintuesg.fr\/?product=1-paire-de-roller-chaussonchassisroues-luigino-et-powerslide","title":{"rendered":"1 paire de roller (chausson+chassis+roues) Luigino et powerslide"},"content":{"rendered":"<p><a href=\"http:\/\/rollerstgermaintuesg.fr\/wp-content\/uploads\/2022\/10\/1664869678537-1-2226b8b4-rotated.jpg\"><img class=\"attachment-thumbnail size-thumbnail\" src=\"http:\/\/rollerstgermaintuesg.fr\/wp-content\/uploads\/2022\/10\/1664869678537-1-2226b8b4-150x150.jpg\" alt=\"\" \/><\/a><\/p>\n<p>Paire de roller utilis\u00e9 uniquement 3 mois (ann\u00e9e du COVID)<\/p>\n<p>Taille 34-37<\/p>\n<p>Excellent \u00e9tat<\/p>\n<p>Contact : Elo\u00efse 06.03.55.57.79<\/p>\n","protected":false},"excerpt":{"rendered":"<p>Paire de roller utilis\u00e9 uniquement 3 mois (ann\u00e9e du COVID) Taille 34-37 Excellent \u00e9tat Contact : Elo\u00efse 06.03.55.57.79<\/p>\n","protected":false},"featured_media":665,"comment_status":"closed","ping_status":"closed","template":"","meta":[],"product_cat":[],"product_tag":[],"_links":{"self":[{"href":"https:\/\/rollerstgermaintuesg.fr\/index.php?rest_route=\/wp\/v2\/product\/667"}],"collection":[{"href":"https:\/\/rollerstgermaintuesg.fr\/index.php?rest_route=\/wp\/v2\/product"}],"about":[{"href":"https:\/\/rollerstgermaintuesg.fr\/index.php?rest_route=\/wp\/v2\/types\/product"}],"replies":[{"embeddable":true,"href":"https:\/\/rollerstgermaintuesg.fr\/index.php?rest_route=%2Fwp%2Fv2%2Fcomments&post=667"}],"wp:featuredmedia":[{"embeddable":true,"href":"https:\/\/rollerstgermaintuesg.fr\/index.php?rest_route=\/wp\/v2\/media\/665"}],"wp:attachment":[{"href":"https:\/\/rollerstgermaintuesg.fr\/index.php?rest_route=%2Fwp%2Fv2%2Fmedia&parent=667"}],"wp:term":[{"taxonomy":"product_cat","embeddable":true,"href":"https:\/\/rollerstgermaintuesg.fr\/index.php?rest_route=%2Fwp%2Fv2%2Fproduct_cat&post=667"},{"taxonomy":"product_tag","embeddable":true,"href":"https:\/\/rollerstgermaintuesg.fr\/index.php?rest_route=%2Fwp%2Fv2%2Fproduct_tag&post=667"}],"curies":[{"name":"wp","href":"https:\/\/api.w.org\/{rel}","templated":true}]}}